-182. Suppose -4*n - 7 + k = 0. Calculate the remainder when 29 is divided by n.
9
Suppose 32 = v + 2*f, -v - f = 3*v - 128. Calculate the remainder when 61 is divided by v.
29
Let x be 34/8 + (-1)/4. Suppose x*t - 2*y = -5*y + 24, -2*y - 6 = -t. Calculate the remainder when t is divided by 2.
0
What is the remainder when 34 is divided by ((-20)/(-12))/((-7)/(-21))?
4
Let y be (43/(-2))/(1/(-10)). Suppose 0*n = -5*n + y. What is the remainder when n is divided by 11?
10
What is the remainder when 41 is divided by (0 + -1)*(-8 + -9)?
7
Suppose -3*j + 20 = j, 0 = 5*q - 3*j + 290. Let h = q - -81. What is the remainder when h is divided by 9?
8
Suppose 24 = 5*t - 2*t. Let j(g) = g**2 - 8*g + 6. Suppose 2*k = -12 + 30. Calculate the remainder when j(k) is divided by t.
7
Suppose -13*j + 585 = -0*j. What is the remainder when 175 is divided by j?
40
Let f = -129 + 156. Calculate the remainder when 134 is divided by f.
26
Let h(y) = y**2 + 20*y - 6. Let a be h(-19). Suppose 5*r + 3*w + 46 = 0, -5*r - 17 - 27 = 2*w. Let d = r - a. What is the remainder when 33 is divided by d?
16
What is the remainder when (-38)/(-2) + -3 + 2 is divided by ((-10)/3)/(2/(-3))?
3
Let h = 22 - 16. What is the remainder when 11 is divided by h?
5
Let k(b) = -4 + b + 0 + 0*b. Let j be k(6). Suppose j*g - 4*g = -14. Calculate the remainder when 12 is divided by g.
5
Let w = 9 - 15. What is the remainder when w + 5 - (1 - 85) is divided by 21?
20
Suppose -21*c + 330 = -6*c. Calculate the remainder when 175 is divided by c.
21
Let j = -4 - -5. Let v = -3 + j. Calculate the remainder when 22 + (v - -2)/1 is divided by 12.
10
Let s be 3/(-2)*4/(-3). Suppose 3*d + 12 = 0, -d - 34 = s*g - 7*g. Calculate the remainder when 23 is divided by g.
5
Suppose -2*m - 5*f = -4 - 50, -38 = -m + 3*f. Calculate the remainder when 159 is divided by m.
31
Let p be -18 - (-2)/(-2)*-3. What is the remainder when 3/15 - 12/p is divided by 1?
0
Let s(f) = -f**3 - 3*f**2 + 4*f + 2. Let b be (-3 - -2)*-1 + -5. What is the remainder when s(b) is divided by 2?
0
Let z(l) = 18*l - 10. Let n(k) = 0 + 2 + 0*k - 3*k + k. What is the remainder when z(4) is divided by n(-7)?
14
Let s be (-4)/(-30) + (-10)/75. Let o(w) = w**2 - 2*w + 3. What is the remainder when 9 is divided by o(s)?
0
Suppose -2*s - w + 18 = 0, -7*s - w + 42 = -2*s. Suppose r = 3*d + 15, -5*r - 3*d = -d - 160. Calculate the remainder when r is divided by s.
6
Let h = 211 - 151. What is the remainder when h is divided by 21?
18
Suppose 5*x = 238 + 167. Calculate the remainder when x is divided by 21.
18
Let s(p) = -p + 10. Let x be s(8). Suppose x*j - 20 = -132. Let b = -34 - j. Calculate the remainder when b is divided by 8.
6
Let z be 4/10 + 94/(-10). Let j be 970/14 - 2/7. What is the remainder when (j/z)/(2/(-6)) is divided by 12?
11
What is the remainder when -1 + 292/7 + (-4)/(-14) is divided by 11?
8
Suppose 70 = -5*j - 0*j. Suppose 0*h + 4*h - 100 = 0. What is the remainder when h is divided by 4/j + 100/7?
11
Let z(i) = 2*i + 13*i**2 - 2*i - 2*i + 3*i + i**3 + 16. Let o be z(-13). Suppose 20 = -o*g + 4*g. Calculate the remainder when 58 is divided by g.
18
Suppose -6*r - 4 = -8*r. Calculate the remainder when r is divided by 1.
0
Suppose 4*c + 4 = 5*c. Suppose -3*h = -6*h + 6. Suppose -5*t - 24 = -3*x, h*t = 2*x - 3*t - 21. Calculate the remainder when c is divided by x.
1
Suppose -5*b + 68 - 8 = 0. Let f = 11 + -12. Calculate the remainder when b is divided by (-3)/f + (1 - -3).
5
Suppose -8 - 4 = -3*t. Let o = 1 - t. What is the remainder when 16 is divided by (-4)/(-6) - 25/o?
7
Let p be (-340)/6 + 20/30. Calculate the remainder when 54 is divided by (-1 - -5)*p/(-16).
12
Let y = 2 + 57. Let f = y + -21. What is the remainder when f is divided by 13?
12
Suppose 3*u - 49 = -5*q - 9, 3*q = u + 10. Let v = -23 - -42. Calculate the remainder when v is divided by q.
4
Let w be (-2)/(-7) + 750/21. Suppose 5*y - w = 154. Calculate the remainder when y is divided by 13.
12
Let d be 10/5*5501/(-2). Let f = d - -2837. Calculate the remainder when f/(-78) - (-2)/(-13) is divided by 18.
16
Let s = 2 - -1. Let r = s + 8. What is the remainder when r is divided by 4?
3
Let a = -1 - -66. Let c(r) = r**3 - 6*r**2 + 3*r + 4. Calculate the remainder when a is divided by c(6).
21
Suppose -71*v = -67*v - 32. Calculate the remainder when v is divided by 3.
2
Let m = -20 - -34. What is the remainder when (1 + (-82)/4)*-2 is divided by m?
11
Let h(w) be the second derivative of w**4/4 + w**3/2 + w**2 + 2*w. What is the remainder when 23 is divided by h(-2)?
7
Let x(g) = -g**2 + 9*g - 2. Suppose 2*h = 10*h - 72. Calculate the remainder when x(6) is divided by h.
7
Let u = 2 - -1. Let w(a) = -5*a + 2*a + 2*a - 10 + u*a. What is the remainder when 23 is divided by w(11)?
11
Let z(j) = 4 - 14*j + 0 - 3. Let v = 29 + -19. What is the remainder when z(-2) is divided by v?
9
Let i(a) = -a**2 - 13*a + 24. What is the remainder when 28 is divided by i(-14)?
8
Let x(s) be the second derivative of s**5/20 - 7*s**4/12 + s**3/3 - s**2 + 5*s. Calculate the remainder when ((-8)/6)/(2/(-51)) is divided by x(7).
10
Calculate the remainder when (-145)/(-6) - 10/60 is divided by 2/(-1)*(-9)/2.
6
Let m(r) = r**3 + 7*r**2 + 8*r - 6. Let k be m(-7). Let b = k + 87. Let l(n) = -n**3 - 6*n**2 - 3*n - 5. What is the remainder when b is divided by l(-6)?
12
Suppose 0 = -77*c + 78*c - 17. Suppose -2*u - 2 = -130. Calculate the remainder when u is divided by c.
13
Let c be (-52)/(-6)*(-72)/(-16). Calculate the remainder when 57 is divided by 10/(-65) + 591/c.
12
Suppose 4*b + 3*i + 28 = 0, i = 5*b + 2*i + 24. What is the remainder when 406/(-21)*6/b is divided by 10?
9
Let b = 150 + -130. What is the remainder when -1*2 + 61/1 is divided by b?
19
Let d(g) be the second derivative of -g**5/20 - g**4/6 - g**3/3 - 3*g**2/2 + 3*g. Let b be d(-2). What is the remainder when 102/3 + (-2)/b is divided by 11?
10
Let w(r) = 9*r**2 + 2*r. What is the remainder when 11 is divided by w(-1)?
4
Suppose 5*m - 5 = 50. Calculate the remainder when 21 is divided by m.
10
Suppose 176 = 3*m - 2*t, -4*m + 2*t = -9*m + 320. Calculate the remainder when m is divided by 8.
6
Suppose -2*l + 2*m = -12, 2*l + 40 = 4*l + 5*m. What is the remainder when 105 is divided by ((-126)/(-35))/(1/l)?
33
Let i(u) = -u**3 + 9*u**2 - 7*u - 9. Let r be i(8). Let d(a) = -a + 1. Let x be d(r). Suppose 5*j - 114 = x*j. What is the remainder when j is divided by 13?
12
Suppose 0 = 2*l + 2*r - 20, 0 = -0*l - 2*l - r + 20. Calculate the remainder when ((-1092)/35)/(-4)*1*5 is divided by l.
9
Let p(c) = c**2 - 7*c. What is the remainder when p(9) is divided by (0 + -1 + 2)*10?
8
Suppose 4*t = t + 9. What is the remainder when 47 is divided by 4*4 - (t - 3)?
15
Suppose t + 2*t = 0. Let x = 2 - t. Suppose 15 = x*b + b. Calculate the remainder when 13 is divided by b.
3
Suppose 2*i = 2*g - 16, 0 = -g + 4*g - 2*i - 24. What is the remainder when g is divided by 3?
2
Let l = 93 - 64. What is the remainder when l is divided by 8?
5
Let s be (4 - 2)*(-39)/(-6). Suppose 0 = -14*b + s*b + 6. Calculate the remainder when 28 is divided by b.
4
Let d(i) = 2*i + 5. What is the remainder when 28 is divided by d(6)?
11
Suppose -21*m + 96 = -17*m. Calculate the remainder when m is divided by 14.
10
Let f = 5 - 2. Let i(n) = n**3 + 5*n**2 + 3*n + 1. Let h be i(-3). Suppose 2*b - 2 - h = 2*p, -5*b + p + 34 = 0. Calculate the remainder when b is divided by f.
1
Let l = 104 - 94. Calculate the remainder when l is divided by 4.
2
Suppose 5*n - 264 = -5*f + 46, -4*f + 114 = 2*n. Let g be 4/(-5) + 62/(-10). What is the remainder when n is divided by (2/2)/(g/(-161))?
21
Let i(u) = 3*u - 6. Let t(d) = -2*d + 4. Let v(o) = 5*i(o) + 8*t(o). What is the remainder when 6 is divided by v(-2)?
2
Let k = -5 - -5. Suppose k = -d - d + 2. Suppose 2*b - 3 = -2*n + d, -3*n - 2*b = -7. What is the remainder when 11 is divided by n?
2
Suppose 0 = -z - 2*x + 13, 0*z = -2*z + x + 16. Suppose z*d - 10 = 4*d. What is the remainder when 8 is divided by 54/12*d/3?
2
Let p(b) = 9*b - 4. Calculate the remainder when 67 is divided by p(3).
21
Suppose -3*l + x + 4 = 3*x, -x = 1. Let u be (-4)/((l - 3) + 0). Suppose 0 = -5*p + 5*o + 30, 5*o = 3*p - 4 - u. Calculate th